{"id":13570,"date":"2021-03-29T09:37:51","date_gmt":"2021-03-29T13:37:51","guid":{"rendered":"https:\/\/educharlevoix.ca\/cse\/?page_id=13570"},"modified":"2025-04-28T11:00:39","modified_gmt":"2025-04-28T15:00:39","slug":"numerique-educatif","status":"publish","type":"page","link":"https:\/\/educharlevoix.ca\/cse\/numerique-educatif\/","title":{"rendered":"Num\u00e9rique \u00e9ducatif"},"content":{"rendered":"<h3>Cliquez sur l&rsquo;image repr\u00e9sentant ce que vous souhaitez faire:<\/h3>\n<table>\n<tbody>\n<tr>\n<td style=\"text-align: center; vertical-align: middle;\"><a href=\"https:\/\/educharlevoix.ca\/cse\/wp-content\/uploads\/2025\/04\/Aide-a-la-reflexion-pour-lusage-des-ecrans-a-lecole-CSSDC-version-avril-2025-2.pdf\" rel=\"https:\/\/educharlevoix.ca\/cse\/wp-content\/uploads\/2025\/04\/Aide-a-la-reflexion-pour-lusage-des-ecrans-a-lecole-CSSDC-version-avril-2025.pdf\"><img loading=\"lazy\" decoding=\"async\" class=\"alignnone wp-image-16433 size-medium\" src=\"https:\/\/educharlevoix.ca\/cse\/wp-content\/uploads\/2025\/04\/Outil-Logo-300x225.png\" alt=\"\" width=\"300\" height=\"225\" srcset=\"https:\/\/educharlevoix.ca\/cse\/wp-content\/uploads\/2025\/04\/Outil-Logo-300x225.png 300w, https:\/\/educharlevoix.ca\/cse\/wp-content\/uploads\/2025\/04\/Outil-Logo-1024x768.png 1024w, https:\/\/educharlevoix.ca\/cse\/wp-content\/uploads\/2025\/04\/Outil-Logo-768x576.png 768w, https:\/\/educharlevoix.ca\/cse\/wp-content\/uploads\/2025\/04\/Outil-Logo.png 1408w\" sizes=\"auto, (max-width: 300px) 100vw, 300px\" \/><\/a><\/td>\n<td style=\"text-align: center; vertical-align: middle;\"><a href=\"https:\/\/educharlevoix.ca\/cse\/le-numerique-et-ma-discipline\/\"><img loading=\"lazy\" decoding=\"async\" class=\"alignnone size-full wp-image-13844\" src=\"https:\/\/educharlevoix.ca\/cse\/wp-content\/uploads\/2021\/09\/Logo.png\" alt=\"\" width=\"300\" height=\"200\" \/><\/a><\/td>\n<\/tr>\n<tr>\n<td style=\"text-align: center; vertical-align: middle;\"><a href=\"https:\/\/educharlevoix.ca\/cse\/je-veux-me-former\/\"><img loading=\"lazy\" decoding=\"async\" class=\"alignnone size-full wp-image-13841\" src=\"https:\/\/educharlevoix.ca\/cse\/wp-content\/uploads\/2021\/09\/2.png\" alt=\"\" width=\"300\" height=\"200\" \/><\/a><\/td>\n<td style=\"text-align: center; vertical-align: middle;\"><a href=\"https:\/\/educharlevoix.ca\/cse\/je-veux-former-mes-eleves\/\"><img loading=\"lazy\" decoding=\"async\" class=\"alignnone size-full wp-image-13840\" src=\"https:\/\/educharlevoix.ca\/cse\/wp-content\/uploads\/2021\/09\/1.png\" alt=\"\" width=\"300\" height=\"200\" \/><\/a><\/td>\n<\/tr>\n<tr>\n<td style=\"text-align: center; vertical-align: middle;\"><a href=\"https:\/\/educharlevoix.ca\/cse\/ecole-en-reseau\/\"><img loading=\"lazy\" decoding=\"async\" class=\"alignnone size-full wp-image-14255\" src=\"https:\/\/educharlevoix.ca\/cse\/wp-content\/uploads\/2022\/02\/Logo.png\" alt=\"\" width=\"300\" height=\"200\" \/><\/a><\/td>\n<td style=\"text-align: center; vertical-align: middle;\"><a href=\"https:\/\/cscharlevoix-my.sharepoint.com\/:l:\/g\/personal\/sebastien_girard_cscharlevoix_qc_ca\/FBsvppbmBhVBsLVn_puNcbIBqcNKxC1UfHfp1kki-vP0nA?e=HSBjxI\"><img loading=\"lazy\" decoding=\"async\" class=\"size-medium wp-image-16438 aligncenter\" src=\"https:\/\/educharlevoix.ca\/cse\/wp-content\/uploads\/2025\/04\/Copie-de-Sans-titre-1-300x225.png\" alt=\"\" width=\"300\" height=\"225\" srcset=\"https:\/\/educharlevoix.ca\/cse\/wp-content\/uploads\/2025\/04\/Copie-de-Sans-titre-1-300x225.png 300w, https:\/\/educharlevoix.ca\/cse\/wp-content\/uploads\/2025\/04\/Copie-de-Sans-titre-1-768x576.png 768w, https:\/\/educharlevoix.ca\/cse\/wp-content\/uploads\/2025\/04\/Copie-de-Sans-titre-1.png 1024w\" sizes=\"auto, (max-width: 300px) 100vw, 300px\" \/><\/a><\/td>\n<\/tr>\n<\/tbody>\n<\/table>\n<h3><\/h3>\n","protected":false},"excerpt":{"rendered":"<p>Cliquez sur l&rsquo;image repr\u00e9sentant ce que vous souhaitez faire:<\/p>\n","protected":false},"author":7,"featured_media":0,"parent":0,"menu_order":0,"comment_status":"closed","ping_status":"closed","template":"","meta":{"cybocfi_hide_featured_image":"","footnotes":""},"categories":[29],"tags":[],"class_list":["post-13570","page","type-page","status-publish","hentry","category-numerique"],"_links":{"self":[{"href":"https:\/\/educharlevoix.ca\/cse\/wp-json\/wp\/v2\/pages\/13570","targetHints":{"allow":["GET"]}}],"collection":[{"href":"https:\/\/educharlevoix.ca\/cse\/wp-json\/wp\/v2\/pages"}],"about":[{"href":"https:\/\/educharlevoix.ca\/cse\/wp-json\/wp\/v2\/types\/page"}],"author":[{"embeddable":true,"href":"https:\/\/educharlevoix.ca\/cse\/wp-json\/wp\/v2\/users\/7"}],"replies":[{"embeddable":true,"href":"https:\/\/educharlevoix.ca\/cse\/wp-json\/wp\/v2\/comments?post=13570"}],"version-history":[{"count":13,"href":"https:\/\/educharlevoix.ca\/cse\/wp-json\/wp\/v2\/pages\/13570\/revisions"}],"predecessor-version":[{"id":16447,"href":"https:\/\/educharlevoix.ca\/cse\/wp-json\/wp\/v2\/pages\/13570\/revisions\/16447"}],"wp:attachment":[{"href":"https:\/\/educharlevoix.ca\/cse\/wp-json\/wp\/v2\/media?parent=13570"}],"wp:term":[{"taxonomy":"category","embeddable":true,"href":"https:\/\/educharlevoix.ca\/cse\/wp-json\/wp\/v2\/categories?post=13570"},{"taxonomy":"post_tag","embeddable":true,"href":"https:\/\/educharlevoix.ca\/cse\/wp-json\/wp\/v2\/tags?post=13570"}],"curies":[{"name":"wp","href":"https:\/\/api.w.org\/{rel}","templated":true}]}}