{"id":13614,"date":"2021-03-30T15:36:20","date_gmt":"2021-03-30T19:36:20","guid":{"rendered":"https:\/\/educharlevoix.ca\/cse\/?page_id=13614"},"modified":"2023-11-28T12:40:15","modified_gmt":"2023-11-28T17:40:15","slug":"orthopedagogie","status":"publish","type":"page","link":"https:\/\/educharlevoix.ca\/cse\/orthopedagogie\/","title":{"rendered":"Orthop\u00e9dagogie"},"content":{"rendered":"<h3><\/h3>\n<table>\n<tbody>\n<tr>\n<td style=\"text-align: center; vertical-align: middle;\"><a href=\"https:\/\/cscharlevoix.sharepoint.com\/:f:\/r\/sites\/serviceseducatifs\/Documents%20partages\/Adaptation%20scolaire-Inclusion\/Orthop%C3%A9dagogie?csf=1&amp;web=1&amp;e=lmmis3\" target=\"_blank\" rel=\"noopener\"><img loading=\"lazy\" decoding=\"async\" class=\"aligncenter size-full wp-image-15783\" src=\"https:\/\/educharlevoix.ca\/cse\/wp-content\/uploads\/2023\/09\/product_document_file_1512.png\" alt=\"\" width=\"64\" height=\"64\" \/><\/a><\/td>\n<td>\n<h2><a href=\"https:\/\/cscharlevoix.sharepoint.com\/:f:\/s\/serviceseducatifs\/EhFPpfDYjuBGoSuW4NIVakIBJklHiEWyRMvn4ZW71w0dpw?e=hBUnEL\" target=\"_blank\" rel=\"noopener\"><strong>Documents pour les orthop\u00e9dagogues<\/strong><\/a><\/h2>\n<\/td>\n<\/tr>\n<tr>\n<td style=\"text-align: center; vertical-align: middle;\"><a href=\"https:\/\/cscharlevoix.sharepoint.com\/:f:\/r\/sites\/serviceseducatifs\/Documents%20partages\/Adaptation%20scolaire-Inclusion\/Orthop%C3%A9dagogie\/30810?csf=1&amp;web=1&amp;e=cZ7zFg\" target=\"_blank\" rel=\"noopener\"><img loading=\"lazy\" decoding=\"async\" class=\"aligncenter size-full wp-image-15781\" src=\"https:\/\/educharlevoix.ca\/cse\/wp-content\/uploads\/2023\/09\/1562687-code-computer-creative-html-process-technology-web-development_107058.png\" alt=\"\" width=\"64\" height=\"64\" \/><\/a><\/td>\n<td>\n<h2><a href=\"https:\/\/cscharlevoix.sharepoint.com\/:f:\/r\/sites\/serviceseducatifs\/Documents%20partages\/Adaptation%20scolaire-Inclusion\/Orthop%C3%A9dagogie\/30810?csf=1&amp;web=1&amp;e=4uzelU\" target=\"_blank\" rel=\"noopener\">Mesures 30810<\/a><\/h2>\n<\/td>\n<\/tr>\n<tr>\n<td style=\"text-align: center; vertical-align: middle;\">\n<h2><img loading=\"lazy\" decoding=\"async\" class=\"aligncenter wp-image-14132\" src=\"https:\/\/educharlevoix.ca\/cse\/wp-content\/uploads\/2021\/12\/noun-motivation-3965064-300x300.png\" alt=\"\" width=\"73\" height=\"73\" srcset=\"https:\/\/educharlevoix.ca\/cse\/wp-content\/uploads\/2021\/12\/noun-motivation-3965064-300x300.png 300w, https:\/\/educharlevoix.ca\/cse\/wp-content\/uploads\/2021\/12\/noun-motivation-3965064-150x150.png 150w, https:\/\/educharlevoix.ca\/cse\/wp-content\/uploads\/2021\/12\/noun-motivation-3965064.png 700w\" sizes=\"auto, (max-width: 73px) 100vw, 73px\" \/><\/h2>\n<\/td>\n<td>\n<h3><a href=\"https:\/\/cscharlevoix.sharepoint.com\/:f:\/r\/sites\/serviceseducatifs\/Documents%20partages\/Adaptation%20scolaire-Inclusion\/Orthop%C3%A9dagogie\/30810?csf=1&amp;web=1&amp;e=L4s95e\" target=\"_blank\" rel=\"noopener\">Formulaires &#8211; Demandes mesure 30810<\/a><\/h3>\n<\/td>\n<\/tr>\n<tr>\n<td>\n<h2><a href=\"https:\/\/teams.microsoft.com\/l\/channel\/19%3abdc205e63c714fdb9fe9af36359b0ba6%40thread.skype\/G%25C3%25A9n%25C3%25A9ral?groupId=e9838191-3b9a-497e-bec1-e52fbd939093&amp;tenantId=75a38bb8-61ef-4e43-93d4-0933cd627bba\" target=\"_blank\" rel=\"noopener\"><img loading=\"lazy\" decoding=\"async\" class=\"aligncenter size-full wp-image-15782\" src=\"https:\/\/educharlevoix.ca\/cse\/wp-content\/uploads\/2023\/09\/microsoft_office_teams_logo_icon_145726.png\" alt=\"\" width=\"64\" height=\"64\" \/><\/a><\/h2>\n<\/td>\n<td>\n<h2><a href=\"https:\/\/teams.microsoft.com\/l\/team\/19%3abdc205e63c714fdb9fe9af36359b0ba6%40thread.skype\/conversations?groupId=e9838191-3b9a-497e-bec1-e52fbd939093&amp;tenantId=75a38bb8-61ef-4e43-93d4-0933cd627bba\">\u00c9quipe TEAMS d&rsquo;orthop\u00e9dagogie au primaire<\/a><\/h2>\n<\/td>\n<\/tr>\n<\/tbody>\n<\/table>\n","protected":false},"excerpt":{"rendered":"<p>Documents pour les orthop\u00e9dagogues Mesures 30810 Formulaires &#8211; Demandes mesure 30810 \u00c9quipe TEAMS d&rsquo;orthop\u00e9dagogie au primaire<\/p>\n","protected":false},"author":7,"featured_media":0,"parent":0,"menu_order":0,"comment_status":"closed","ping_status":"closed","template":"","meta":{"cybocfi_hide_featured_image":"","footnotes":""},"categories":[],"tags":[],"class_list":["post-13614","page","type-page","status-publish","hentry"],"_links":{"self":[{"href":"https:\/\/educharlevoix.ca\/cse\/wp-json\/wp\/v2\/pages\/13614","targetHints":{"allow":["GET"]}}],"collection":[{"href":"https:\/\/educharlevoix.ca\/cse\/wp-json\/wp\/v2\/pages"}],"about":[{"href":"https:\/\/educharlevoix.ca\/cse\/wp-json\/wp\/v2\/types\/page"}],"author":[{"embeddable":true,"href":"https:\/\/educharlevoix.ca\/cse\/wp-json\/wp\/v2\/users\/7"}],"replies":[{"embeddable":true,"href":"https:\/\/educharlevoix.ca\/cse\/wp-json\/wp\/v2\/comments?post=13614"}],"version-history":[{"count":3,"href":"https:\/\/educharlevoix.ca\/cse\/wp-json\/wp\/v2\/pages\/13614\/revisions"}],"predecessor-version":[{"id":16027,"href":"https:\/\/educharlevoix.ca\/cse\/wp-json\/wp\/v2\/pages\/13614\/revisions\/16027"}],"wp:attachment":[{"href":"https:\/\/educharlevoix.ca\/cse\/wp-json\/wp\/v2\/media?parent=13614"}],"wp:term":[{"taxonomy":"category","embeddable":true,"href":"https:\/\/educharlevoix.ca\/cse\/wp-json\/wp\/v2\/categories?post=13614"},{"taxonomy":"post_tag","embeddable":true,"href":"https:\/\/educharlevoix.ca\/cse\/wp-json\/wp\/v2\/tags?post=13614"}],"curies":[{"name":"wp","href":"https:\/\/api.w.org\/{rel}","templated":true}]}}