{"id":13912,"date":"2021-09-20T16:10:07","date_gmt":"2021-09-20T20:10:07","guid":{"rendered":"https:\/\/educharlevoix.ca\/cse\/?page_id=13912"},"modified":"2023-03-02T14:47:26","modified_gmt":"2023-03-02T19:47:26","slug":"capsules-ergo","status":"publish","type":"page","link":"https:\/\/educharlevoix.ca\/cse\/capsules-ergo\/","title":{"rendered":"Capsules-Ergo"},"content":{"rendered":"<h2 style=\"text-align: left;\"><strong>Les capsules-Ergo<\/strong><\/h2>\n<p><strong>C&rsquo;est quoi ?<\/strong><\/p>\n<p data-ogsb=\"white\"><span data-ogsc=\"rgb(102, 102, 102)\">Les Capsules-Ergo sont des conf\u00e9rences qui s\u2019adressent \u00e0 tous les intervenants des milieux pr\u00e9scolaires et primaires. Elles sont disponibles actuellement uniquement en diff\u00e9r\u00e9.<\/span><\/p>\n<p data-ogsb=\"white\"><span data-ogsc=\"rgb(102, 102, 102)\">Vous aimeriez recevoir la pr\u00e9sentation d\u2019une conf\u00e9rence en direct, sur un sujet d\u00e9j\u00e0 abord\u00e9 ou un nouveau sujet? N\u2019h\u00e9sitez pas \u00e0 contacter le service d\u2019ergoth\u00e9rapie! (voir les coordonn\u00e9es sur la<a title=\"URL d&#039;origine\u00a0: https:\/\/educharlevoix.ca\/cse\/ergotherapie\/. Cliquez ou appuyez si vous faites confiance \u00e0 ce lien.\" href=\"https:\/\/educharlevoix.ca\/cse\/ergotherapie\/\" target=\"_blank\" rel=\"noopener noreferrer\" auth=\"Verified\" linkindex=\"\" ogsc=\"\">\u00a0page d\u2019accueil du service<\/a>)<\/span><\/p>\n<p>&nbsp;<\/p>\n<hr \/>\n<p><strong>Visionnement en diff\u00e9r\u00e9 &#8211; Cliquez sur les ic\u00f4nes ou les titres pour acc\u00e9der aux enregistrements.<\/strong><\/p>\n<h2>2021-2022<\/h2>\n<table>\n<tbody>\n<tr>\n<td>\n<h4 style=\"text-align: center;\"><a href=\"https:\/\/cscharlevoix.sharepoint.com\/:f:\/s\/serviceseducatifs\/EmPGtDmpd0JFksh01OxSuVMBhhNdzeFr9T8WJdVlVFgMFw?e=f1pTC8\" target=\"_blank\" rel=\"noopener\"><img loading=\"lazy\" decoding=\"async\" class=\"aligncenter wp-image-13909\" src=\"https:\/\/educharlevoix.ca\/cse\/wp-content\/uploads\/2021\/09\/Video-300x300.png\" alt=\"\" width=\"45\" height=\"45\" srcset=\"https:\/\/educharlevoix.ca\/cse\/wp-content\/uploads\/2021\/09\/Video-300x300.png 300w, https:\/\/educharlevoix.ca\/cse\/wp-content\/uploads\/2021\/09\/Video-150x150.png 150w, https:\/\/educharlevoix.ca\/cse\/wp-content\/uploads\/2021\/09\/Video.png 512w\" sizes=\"auto, (max-width: 45px) 100vw, 45px\" \/><\/a> Capsule #1<\/h4>\n<\/td>\n<td>\n<h3><a href=\"https:\/\/cscharlevoix.sharepoint.com\/:f:\/s\/serviceseducatifs\/EmPGtDmpd0JFksh01OxSuVMBhhNdzeFr9T8WJdVlVFgMFw?e=f1pTC8\" target=\"_blank\" rel=\"noopener\">Strat\u00e9gies concr\u00e8tes pour le positionnement assis<\/a><\/h3>\n<\/td>\n<\/tr>\n<tr>\n<td>\n<h4 style=\"text-align: center;\"><a href=\"https:\/\/cscharlevoix.sharepoint.com\/:f:\/s\/serviceseducatifs\/EpXJxIZKdrtPrle9eUTewcABvMQkwUkt1549na8tPotaew?e=5uE7Hf\" target=\"_blank\" rel=\"noopener\"><img loading=\"lazy\" decoding=\"async\" class=\"wp-image-13909 aligncenter\" src=\"https:\/\/educharlevoix.ca\/cse\/wp-content\/uploads\/2021\/09\/Video-300x300.png\" alt=\"\" width=\"45\" height=\"45\" srcset=\"https:\/\/educharlevoix.ca\/cse\/wp-content\/uploads\/2021\/09\/Video-300x300.png 300w, https:\/\/educharlevoix.ca\/cse\/wp-content\/uploads\/2021\/09\/Video-150x150.png 150w, https:\/\/educharlevoix.ca\/cse\/wp-content\/uploads\/2021\/09\/Video.png 512w\" sizes=\"auto, (max-width: 45px) 100vw, 45px\" \/><\/a> Capsule #2<\/h4>\n<\/td>\n<td>\n<h3><a href=\"https:\/\/cscharlevoix.sharepoint.com\/:f:\/s\/serviceseducatifs\/EpXJxIZKdrtPrle9eUTewcABvMQkwUkt1549na8tPotaew?e=5uE7Hf\" target=\"_blank\" rel=\"noopener\">La routine d&rsquo;arriv\u00e9e<\/a><\/h3>\n<\/td>\n<\/tr>\n<tr>\n<td>\n<h4 style=\"text-align: center;\"><a href=\"https:\/\/cscharlevoix.sharepoint.com\/:f:\/s\/serviceseducatifs\/EpXJxIZKdrtPrle9eUTewcABvMQkwUkt1549na8tPotaew?e=5uE7Hf\" target=\"_blank\" rel=\"noopener\"><img loading=\"lazy\" decoding=\"async\" class=\"wp-image-13909 aligncenter\" src=\"https:\/\/educharlevoix.ca\/cse\/wp-content\/uploads\/2021\/09\/Video-300x300.png\" alt=\"\" width=\"45\" height=\"45\" srcset=\"https:\/\/educharlevoix.ca\/cse\/wp-content\/uploads\/2021\/09\/Video-300x300.png 300w, https:\/\/educharlevoix.ca\/cse\/wp-content\/uploads\/2021\/09\/Video-150x150.png 150w, https:\/\/educharlevoix.ca\/cse\/wp-content\/uploads\/2021\/09\/Video.png 512w\" sizes=\"auto, (max-width: 45px) 100vw, 45px\" \/><\/a>Capsule #3<\/h4>\n<\/td>\n<td>\n<h3><a href=\"https:\/\/cscharlevoix.sharepoint.com\/:f:\/s\/serviceseducatifs\/EskCKdUqQJdKu2V79I7rD_QBeSa1H0anuNMsF_Jh9ll84A?e=HhTZk2\" target=\"_blank\" rel=\"noopener\">L&rsquo;organisation du pupitre<\/a><\/h3>\n<\/td>\n<\/tr>\n<tr>\n<td>\n<h4 style=\"text-align: center;\"><a href=\"https:\/\/cscharlevoix.sharepoint.com\/:f:\/r\/sites\/Capsules-Ergo2\/Documents%20partages\/General\/21-22%20-%20Capsule%204%20-%20Les%20outils%20sensoriels?csf=1&amp;web=1&amp;e=vOkPCM\" target=\"_blank\" rel=\"noopener\"><img loading=\"lazy\" decoding=\"async\" class=\"wp-image-13909 aligncenter\" src=\"https:\/\/educharlevoix.ca\/cse\/wp-content\/uploads\/2021\/09\/Video-300x300.png\" alt=\"\" width=\"45\" height=\"45\" srcset=\"https:\/\/educharlevoix.ca\/cse\/wp-content\/uploads\/2021\/09\/Video-300x300.png 300w, https:\/\/educharlevoix.ca\/cse\/wp-content\/uploads\/2021\/09\/Video-150x150.png 150w, https:\/\/educharlevoix.ca\/cse\/wp-content\/uploads\/2021\/09\/Video.png 512w\" sizes=\"auto, (max-width: 45px) 100vw, 45px\" \/><\/a>Capsule #4<\/h4>\n<\/td>\n<td>\n<h3>\u00a0<a href=\"https:\/\/cscharlevoix.sharepoint.com\/:f:\/r\/sites\/serviceseducatifs\/Documents%20partages\/Services%20compl%C3%A9mentaires\/Ergoth%C3%A9rapie\/Capsules-Ergo\/21-22%20-%20Capsule%204%20-%20Les%20outils%20sensoriels?csf=1&amp;web=1&amp;e=8t7gCh\" target=\"_blank\" rel=\"noopener\">Les outils sensoriels<\/a><\/h3>\n<\/td>\n<\/tr>\n<tr>\n<td>\n<h4 style=\"text-align: center;\"><a href=\"https:\/\/cscharlevoix.sharepoint.com\/:f:\/r\/sites\/serviceseducatifs\/Documents%20partages\/Ergoth%C3%A9rapie\/Capsules-Ergo\/21-22%20-%20Capsule%205%20-%20Le%20clavier%20d%27ordinateur?csf=1&amp;web=1&amp;e=sPyxRQ\" target=\"_blank\" rel=\"noopener\"><img loading=\"lazy\" decoding=\"async\" class=\"wp-image-13909 aligncenter\" src=\"https:\/\/educharlevoix.ca\/cse\/wp-content\/uploads\/2021\/09\/Video-300x300.png\" alt=\"\" width=\"45\" height=\"45\" srcset=\"https:\/\/educharlevoix.ca\/cse\/wp-content\/uploads\/2021\/09\/Video-300x300.png 300w, https:\/\/educharlevoix.ca\/cse\/wp-content\/uploads\/2021\/09\/Video-150x150.png 150w, https:\/\/educharlevoix.ca\/cse\/wp-content\/uploads\/2021\/09\/Video.png 512w\" sizes=\"auto, (max-width: 45px) 100vw, 45px\" \/><\/a>Capsule #5<\/h4>\n<\/td>\n<td>\n<h3><a href=\"https:\/\/cscharlevoix.sharepoint.com\/:f:\/s\/serviceseducatifs\/EhZLubZ4EyFHmUHg-Opu-UoBIF_DVSjoYx27W_iKf1l3aA?e=Tb8JpU\" target=\"_blank\" rel=\"noopener\">\u00a0Le clavier d&rsquo;ordinateur<\/a><\/h3>\n<\/td>\n<\/tr>\n<tr>\n<td>\n<h4 style=\"text-align: center;\"><a href=\"https:\/\/cscharlevoix.sharepoint.com\/:f:\/r\/sites\/serviceseducatifs\/Documents%20partages\/Ergoth%C3%A9rapie\/Capsules-Ergo\/21-22%20-%20Capsule%206%20-%20Ergoth%C3%A9rapie%20et%20TSA?csf=1&amp;web=1&amp;e=tsb9tf\" target=\"_blank\" rel=\"noopener\"><img loading=\"lazy\" decoding=\"async\" class=\"wp-image-13909 aligncenter\" src=\"https:\/\/educharlevoix.ca\/cse\/wp-content\/uploads\/2021\/09\/Video-300x300.png\" alt=\"\" width=\"45\" height=\"45\" srcset=\"https:\/\/educharlevoix.ca\/cse\/wp-content\/uploads\/2021\/09\/Video-300x300.png 300w, https:\/\/educharlevoix.ca\/cse\/wp-content\/uploads\/2021\/09\/Video-150x150.png 150w, https:\/\/educharlevoix.ca\/cse\/wp-content\/uploads\/2021\/09\/Video.png 512w\" sizes=\"auto, (max-width: 45px) 100vw, 45px\" \/><\/a>Capsule #6<\/h4>\n<\/td>\n<td>\n<h3>\u00a0<a href=\"https:\/\/cscharlevoix.sharepoint.com\/:f:\/s\/serviceseducatifs\/EhQ0auTl4ndLrSyxtg6GQYEBLKMCfrna-0GNJKZtPHj8xg?e=CTzfRf\" target=\"_blank\" rel=\"noopener\">Ergoth\u00e9rapie et TSA<\/a><\/h3>\n<\/td>\n<\/tr>\n<\/tbody>\n<\/table>\n<h2>2020-2021<\/h2>\n<table style=\"height: 479px;\" width=\"512\">\n<tbody>\n<tr>\n<td>\n<h4 style=\"text-align: center;\"><a href=\"https:\/\/cscharlevoix.sharepoint.com\/:f:\/s\/serviceseducatifs\/Eo7aRmM0IVFNkbpn_t4cwj8BFHaA0czXYB1U_BY5gzUGXA?e=nz3WIN\" target=\"_blank\" rel=\"noopener\"><img loading=\"lazy\" decoding=\"async\" class=\"wp-image-13909 aligncenter\" src=\"https:\/\/educharlevoix.ca\/cse\/wp-content\/uploads\/2021\/09\/Video-300x300.png\" alt=\"\" width=\"45\" height=\"45\" srcset=\"https:\/\/educharlevoix.ca\/cse\/wp-content\/uploads\/2021\/09\/Video-300x300.png 300w, https:\/\/educharlevoix.ca\/cse\/wp-content\/uploads\/2021\/09\/Video-150x150.png 150w, https:\/\/educharlevoix.ca\/cse\/wp-content\/uploads\/2021\/09\/Video.png 512w\" sizes=\"auto, (max-width: 45px) 100vw, 45px\" \/><\/a> Capsule #1<\/h4>\n<\/td>\n<td>\n<h3><a href=\"https:\/\/cscharlevoix.sharepoint.com\/:f:\/s\/serviceseducatifs\/Eo7aRmM0IVFNkbpn_t4cwj8BFHaA0czXYB1U_BY5gzUGXA?e=nz3WIN\" target=\"_blank\" rel=\"noopener\">Utilisation de l&rsquo;ordinateur<\/a><\/h3>\n<\/td>\n<\/tr>\n<tr>\n<td>\n<h4 style=\"text-align: center;\"><a href=\"https:\/\/cscharlevoix.sharepoint.com\/:f:\/s\/serviceseducatifs\/EqCti_RDF6pNmQn4qE76a_oBJA8UzRg216Vd8BJ_R3hf4g?e=70Hn62\" target=\"_blank\" rel=\"noopener\"><img loading=\"lazy\" decoding=\"async\" class=\"wp-image-13909 aligncenter\" src=\"https:\/\/educharlevoix.ca\/cse\/wp-content\/uploads\/2021\/09\/Video-300x300.png\" alt=\"\" width=\"45\" height=\"45\" srcset=\"https:\/\/educharlevoix.ca\/cse\/wp-content\/uploads\/2021\/09\/Video-300x300.png 300w, https:\/\/educharlevoix.ca\/cse\/wp-content\/uploads\/2021\/09\/Video-150x150.png 150w, https:\/\/educharlevoix.ca\/cse\/wp-content\/uploads\/2021\/09\/Video.png 512w\" sizes=\"auto, (max-width: 45px) 100vw, 45px\" \/><\/a> Capsules #2<\/h4>\n<\/td>\n<td>\n<h3><a href=\"https:\/\/cscharlevoix.sharepoint.com\/:f:\/s\/serviceseducatifs\/EqCti_RDF6pNmQn4qE76a_oBJA8UzRg216Vd8BJ_R3hf4g?e=70Hn62\" target=\"_blank\" rel=\"noopener\">L&rsquo;am\u00e9nagement de ma classe<\/a><\/h3>\n<\/td>\n<\/tr>\n<tr>\n<td>\n<h4 style=\"text-align: center;\"><a href=\"https:\/\/cscharlevoix.sharepoint.com\/:f:\/s\/serviceseducatifs\/Esbuc-ThN4ZDjJuhqWIpmAQBP3WNLm4kZklJJFgUu2PDNA?e=kA69Zp\" target=\"_blank\" rel=\"noopener\"><img loading=\"lazy\" decoding=\"async\" class=\"wp-image-13909 aligncenter\" src=\"https:\/\/educharlevoix.ca\/cse\/wp-content\/uploads\/2021\/09\/Video-300x300.png\" alt=\"\" width=\"45\" height=\"45\" srcset=\"https:\/\/educharlevoix.ca\/cse\/wp-content\/uploads\/2021\/09\/Video-300x300.png 300w, https:\/\/educharlevoix.ca\/cse\/wp-content\/uploads\/2021\/09\/Video-150x150.png 150w, https:\/\/educharlevoix.ca\/cse\/wp-content\/uploads\/2021\/09\/Video.png 512w\" sizes=\"auto, (max-width: 45px) 100vw, 45px\" \/><\/a>Capsule #3<\/h4>\n<\/td>\n<td>\n<h3><a href=\"https:\/\/cscharlevoix.sharepoint.com\/:f:\/s\/serviceseducatifs\/Esbuc-ThN4ZDjJuhqWIpmAQBP3WNLm4kZklJJFgUu2PDNA?e=kA69Zp\" target=\"_blank\" rel=\"noopener\">Strat\u00e9gies concr\u00e8tes pour optimiser le positionnement de mes \u00e9l\u00e8ves<\/a><\/h3>\n<\/td>\n<\/tr>\n<tr>\n<td>\n<h4 style=\"text-align: center;\"><a href=\"https:\/\/cscharlevoix.sharepoint.com\/:f:\/s\/serviceseducatifs\/Eq5zKh1GklZKptOF71ueCt8BsjYR9WJxhGrtaUSJnj1UcQ?e=ennfm5\" target=\"_blank\" rel=\"noopener\"><img loading=\"lazy\" decoding=\"async\" class=\"wp-image-13909 aligncenter\" src=\"https:\/\/educharlevoix.ca\/cse\/wp-content\/uploads\/2021\/09\/Video-300x300.png\" alt=\"\" width=\"45\" height=\"45\" srcset=\"https:\/\/educharlevoix.ca\/cse\/wp-content\/uploads\/2021\/09\/Video-300x300.png 300w, https:\/\/educharlevoix.ca\/cse\/wp-content\/uploads\/2021\/09\/Video-150x150.png 150w, https:\/\/educharlevoix.ca\/cse\/wp-content\/uploads\/2021\/09\/Video.png 512w\" sizes=\"auto, (max-width: 45px) 100vw, 45px\" \/><\/a>Capsule #4<\/h4>\n<\/td>\n<td>\n<h3><a href=\"https:\/\/cscharlevoix.sharepoint.com\/:f:\/s\/serviceseducatifs\/Eq5zKh1GklZKptOF71ueCt8BsjYR9WJxhGrtaUSJnj1UcQ?e=ennfm5\" target=\"_blank\" rel=\"noopener\">\u00c9criture scripte ou cursive<\/a><\/h3>\n<\/td>\n<\/tr>\n<\/tbody>\n<\/table>\n<p>&nbsp;<\/p>\n","protected":false},"excerpt":{"rendered":"<p>Les capsules-Ergo C&rsquo;est quoi ? Les Capsules-Ergo sont des conf\u00e9rences qui s\u2019adressent \u00e0 tous les intervenants des milieux pr\u00e9scolaires et primaires. Elles sont disponibles actuellement uniquement en diff\u00e9r\u00e9. Vous aimeriez recevoir la pr\u00e9sentation d\u2019une conf\u00e9rence en direct, sur un sujet &hellip; <\/p>\n","protected":false},"author":7,"featured_media":0,"parent":0,"menu_order":0,"comment_status":"closed","ping_status":"closed","template":"","meta":{"cybocfi_hide_featured_image":"","footnotes":""},"categories":[16401],"tags":[],"class_list":["post-13912","page","type-page","status-publish","hentry","category-ergotherapie"],"_links":{"self":[{"href":"https:\/\/educharlevoix.ca\/cse\/wp-json\/wp\/v2\/pages\/13912","targetHints":{"allow":["GET"]}}],"collection":[{"href":"https:\/\/educharlevoix.ca\/cse\/wp-json\/wp\/v2\/pages"}],"about":[{"href":"https:\/\/educharlevoix.ca\/cse\/wp-json\/wp\/v2\/types\/page"}],"author":[{"embeddable":true,"href":"https:\/\/educharlevoix.ca\/cse\/wp-json\/wp\/v2\/users\/7"}],"replies":[{"embeddable":true,"href":"https:\/\/educharlevoix.ca\/cse\/wp-json\/wp\/v2\/comments?post=13912"}],"version-history":[{"count":3,"href":"https:\/\/educharlevoix.ca\/cse\/wp-json\/wp\/v2\/pages\/13912\/revisions"}],"predecessor-version":[{"id":15489,"href":"https:\/\/educharlevoix.ca\/cse\/wp-json\/wp\/v2\/pages\/13912\/revisions\/15489"}],"wp:attachment":[{"href":"https:\/\/educharlevoix.ca\/cse\/wp-json\/wp\/v2\/media?parent=13912"}],"wp:term":[{"taxonomy":"category","embeddable":true,"href":"https:\/\/educharlevoix.ca\/cse\/wp-json\/wp\/v2\/categories?post=13912"},{"taxonomy":"post_tag","embeddable":true,"href":"https:\/\/educharlevoix.ca\/cse\/wp-json\/wp\/v2\/tags?post=13912"}],"curies":[{"name":"wp","href":"https:\/\/api.w.org\/{rel}","templated":true}]}}