{"id":14764,"date":"2022-08-26T10:12:39","date_gmt":"2022-08-26T14:12:39","guid":{"rendered":"https:\/\/educharlevoix.ca\/cse\/?page_id=14764"},"modified":"2023-09-29T10:42:29","modified_gmt":"2023-09-29T14:42:29","slug":"syntaxe","status":"publish","type":"page","link":"https:\/\/educharlevoix.ca\/cse\/syntaxe\/","title":{"rendered":"Syntaxe"},"content":{"rendered":"<p><strong>LA PHRASE EN 3D<\/strong><br \/>\nDes <a href=\"https:\/\/cscharlevoix.sharepoint.com\/:f:\/r\/sites\/serviceseducatifs\/Documents%20partages\/Primaire\/Fran%C3%A7ais%20primaire\/2-%C3%89criture\/Syntaxe\/grammaire%20en%203D?csf=1&amp;web=1&amp;e=nbaFfR\" target=\"_blank\" rel=\"noopener\">outils<\/a> pour aider les \u00e9l\u00e8ves dans la structure de leurs phrases.<\/p>\n<p><a href=\"https:\/\/cscharlevoix.sharepoint.com\/:w:\/s\/serviceseducatifs\/EZMsDRPpWCVMla6aSbY6F-sBIW28YXGVOCCRfcLNSt3vZw?e=D5rQvc\" target=\"_blank\" rel=\"noopener\"><img loading=\"lazy\" decoding=\"async\" class=\"alignnone wp-image-14945\" src=\"https:\/\/educharlevoix.ca\/cse\/wp-content\/uploads\/2022\/08\/phrase3d.jpg\" alt=\"\" width=\"165\" height=\"91\" srcset=\"https:\/\/educharlevoix.ca\/cse\/wp-content\/uploads\/2022\/08\/phrase3d.jpg 758w, https:\/\/educharlevoix.ca\/cse\/wp-content\/uploads\/2022\/08\/phrase3d-300x166.jpg 300w\" sizes=\"auto, (max-width: 165px) 100vw, 165px\" \/><\/a><\/p>\n<p><strong>ANALYSE DE LA PHRASE AU PRIMAIRE<\/strong><br \/>\nUn r\u00e9sum\u00e9 visuel des diff\u00e9rents constituants, groupes et classes de mots au programme.<\/p>\n<p><a href=\"https:\/\/cscharlevoix.sharepoint.com\/:b:\/r\/sites\/serviceseducatifs\/Documents%20partages\/Primaire\/Fran%C3%A7ais%20primaire\/2-%C3%89criture\/Syntaxe\/Analyse%20de%20la%20phrase%20primaire.pdf?csf=1&amp;web=1&amp;e=L9fGeN\" target=\"_blank\" rel=\"noopener\"><img loading=\"lazy\" decoding=\"async\" class=\"alignnone wp-image-14946 \" src=\"https:\/\/educharlevoix.ca\/cse\/wp-content\/uploads\/2022\/08\/analyse.jpg\" alt=\"\" width=\"165\" height=\"104\" srcset=\"https:\/\/educharlevoix.ca\/cse\/wp-content\/uploads\/2022\/08\/analyse.jpg 736w, https:\/\/educharlevoix.ca\/cse\/wp-content\/uploads\/2022\/08\/analyse-300x189.jpg 300w\" sizes=\"auto, (max-width: 165px) 100vw, 165px\" \/><\/a><\/p>\n<p><strong>MANIPULATIONS SYNTAXIQUES<\/strong><br \/>\nDes affiches et documents d&rsquo;information \u00e0 propos des <a href=\"https:\/\/cscharlevoix.sharepoint.com\/:f:\/r\/sites\/serviceseducatifs\/Documents%20partages\/Primaire\/Fran%C3%A7ais%20primaire\/2-%C3%89criture\/Syntaxe\/Manipulations%20syntaxiques?csf=1&amp;web=1&amp;e=2YmvEh\" target=\"_blank\" rel=\"noopener\">manipulations syntaxiques<\/a>.<\/p>\n<p><strong>FORMATION<\/strong><br \/>\n<a href=\"https:\/\/www.youtube.com\/watch?v=ChRF16Fl8Ms&amp;list=PL7xK7_BJ0pSU-9VZmUVKu_PhhmwL-HbQO&amp;index=13\" target=\"_blank\" rel=\"noopener\">Les constituants de la phrase<\/a><\/p>\n<p><a href=\"https:\/\/www.youtube.com\/watch?v=po1yc_oVyOg&amp;list=PL7xK7_BJ0pSU-9VZmUVKu_PhhmwL-HbQO&amp;index=15\" target=\"_blank\" rel=\"noopener\">Les types et les formes de phrases<\/a><\/p>\n<p><a href=\"https:\/\/cscharlevoix.sharepoint.com\/:b:\/r\/sites\/serviceseducatifs\/Documents%20partages\/Primaire\/Fran%C3%A7ais%20primaire\/2-%C3%89criture\/Syntaxe\/Enseignement%20types%20de%20phrases.pdf?csf=1&amp;web=1&amp;e=ABsUYE\" target=\"_blank\" rel=\"noopener\">Enseignement des types de phrases<\/a><\/p>\n<p><a href=\"https:\/\/www.youtube.com\/watch?v=ZmsTLsU32yU&amp;list=PL7xK7_BJ0pSU-9VZmUVKu_PhhmwL-HbQO&amp;index=14\" target=\"_blank\" rel=\"noopener\">Les fonctions dans la phrase<\/a><\/p>\n<p><a href=\"https:\/\/www.youtube.com\/watch?v=9sfXQoLGaTY&amp;list=PL7xK7_BJ0pSU-9VZmUVKu_PhhmwL-HbQO&amp;index=16\" target=\"_blank\" rel=\"noopener\">Les groupes de mots<\/a><\/p>\n<p>N&rsquo;oubliez pas d&rsquo;utiliser le logiciel<img loading=\"lazy\" decoding=\"async\" class=\"wp-image-14939 alignnone\" src=\"https:\/\/educharlevoix.ca\/cse\/wp-content\/uploads\/2022\/08\/syntaxe-int.jpg\" alt=\"\" width=\"108\" height=\"47\" srcset=\"https:\/\/educharlevoix.ca\/cse\/wp-content\/uploads\/2022\/08\/syntaxe-int.jpg 340w, https:\/\/educharlevoix.ca\/cse\/wp-content\/uploads\/2022\/08\/syntaxe-int-300x131.jpg 300w\" sizes=\"auto, (max-width: 108px) 100vw, 108px\" \/>\u00a0 \u00a0install\u00e9 sur votre ordinateur!<\/p>\n","protected":false},"excerpt":{"rendered":"<p>LA PHRASE EN 3D Des outils pour aider les \u00e9l\u00e8ves dans la structure de leurs phrases. ANALYSE DE LA PHRASE AU PRIMAIRE Un r\u00e9sum\u00e9 visuel des diff\u00e9rents constituants, groupes et classes de mots au programme. MANIPULATIONS SYNTAXIQUES Des affiches et &hellip; <\/p>\n","protected":false},"author":5,"featured_media":0,"parent":0,"menu_order":0,"comment_status":"closed","ping_status":"closed","template":"","meta":{"cybocfi_hide_featured_image":"","footnotes":""},"categories":[],"tags":[],"class_list":["post-14764","page","type-page","status-publish","hentry"],"_links":{"self":[{"href":"https:\/\/educharlevoix.ca\/cse\/wp-json\/wp\/v2\/pages\/14764","targetHints":{"allow":["GET"]}}],"collection":[{"href":"https:\/\/educharlevoix.ca\/cse\/wp-json\/wp\/v2\/pages"}],"about":[{"href":"https:\/\/educharlevoix.ca\/cse\/wp-json\/wp\/v2\/types\/page"}],"author":[{"embeddable":true,"href":"https:\/\/educharlevoix.ca\/cse\/wp-json\/wp\/v2\/users\/5"}],"replies":[{"embeddable":true,"href":"https:\/\/educharlevoix.ca\/cse\/wp-json\/wp\/v2\/comments?post=14764"}],"version-history":[{"count":3,"href":"https:\/\/educharlevoix.ca\/cse\/wp-json\/wp\/v2\/pages\/14764\/revisions"}],"predecessor-version":[{"id":15887,"href":"https:\/\/educharlevoix.ca\/cse\/wp-json\/wp\/v2\/pages\/14764\/revisions\/15887"}],"wp:attachment":[{"href":"https:\/\/educharlevoix.ca\/cse\/wp-json\/wp\/v2\/media?parent=14764"}],"wp:term":[{"taxonomy":"category","embeddable":true,"href":"https:\/\/educharlevoix.ca\/cse\/wp-json\/wp\/v2\/categories?post=14764"},{"taxonomy":"post_tag","embeddable":true,"href":"https:\/\/educharlevoix.ca\/cse\/wp-json\/wp\/v2\/tags?post=14764"}],"curies":[{"name":"wp","href":"https:\/\/api.w.org\/{rel}","templated":true}]}}