{"id":15492,"date":"2023-02-21T13:31:39","date_gmt":"2023-02-21T18:31:39","guid":{"rendered":"https:\/\/educharlevoix.ca\/cse\/?page_id=15492"},"modified":"2024-10-25T08:15:13","modified_gmt":"2024-10-25T12:15:13","slug":"s-a-p-e","status":"publish","type":"page","link":"https:\/\/educharlevoix.ca\/cse\/s-a-p-e\/","title":{"rendered":"S.A.P.E. (accompagnement en enseignement)"},"content":{"rendered":"<p>&nbsp;<\/p>\n<table style=\"height: 57px;\" width=\"682\">\n<tbody>\n<tr>\n<td style=\"text-align: center;\" colspan=\"3\">\n<p style=\"text-align: left;\">S.A.P.E. \u00a0<strong>Service d&rsquo;accompagnement professionnel en enseignement<\/strong><\/p>\n<p><img loading=\"lazy\" decoding=\"async\" class=\"alignnone size-medium wp-image-16302\" src=\"https:\/\/educharlevoix.ca\/cse\/wp-content\/uploads\/2024\/09\/Capture-decran-2024-09-03-104106-300x200.jpg\" alt=\"\" width=\"300\" height=\"200\" srcset=\"https:\/\/educharlevoix.ca\/cse\/wp-content\/uploads\/2024\/09\/Capture-decran-2024-09-03-104106-300x200.jpg 300w, https:\/\/educharlevoix.ca\/cse\/wp-content\/uploads\/2024\/09\/Capture-decran-2024-09-03-104106-768x513.jpg 768w, https:\/\/educharlevoix.ca\/cse\/wp-content\/uploads\/2024\/09\/Capture-decran-2024-09-03-104106.jpg 795w\" sizes=\"auto, (max-width: 300px) 100vw, 300px\" \/><\/td>\n<\/tr>\n<tr>\n<td><\/td>\n<td><img loading=\"lazy\" decoding=\"async\" class=\"alignnone wp-image-13915\" src=\"https:\/\/educharlevoix.ca\/cse\/wp-content\/uploads\/2021\/09\/female-user-with-long-hair-and-question-mark_icon-icons.com_54778-300x300.png\" alt=\"\" width=\"47\" height=\"47\" srcset=\"https:\/\/educharlevoix.ca\/cse\/wp-content\/uploads\/2021\/09\/female-user-with-long-hair-and-question-mark_icon-icons.com_54778-300x300.png 300w, https:\/\/educharlevoix.ca\/cse\/wp-content\/uploads\/2021\/09\/female-user-with-long-hair-and-question-mark_icon-icons.com_54778-150x150.png 150w, https:\/\/educharlevoix.ca\/cse\/wp-content\/uploads\/2021\/09\/female-user-with-long-hair-and-question-mark_icon-icons.com_54778.png 512w\" sizes=\"auto, (max-width: 47px) 100vw, 47px\" \/><\/td>\n<td><a href=\"https:\/\/cscharlevoix.sharepoint.com\/:b:\/r\/sites\/serviceseducatifs\/Documents%20partages\/Insertion%20professionnelle\/S.A.P.E.%20Service%20accompagnement%20professionnel%20en%20enseignement\/1-%20Documents%20de%20promotion\/1-SAPE-pr%C3%A9sentation%20d%C3%A9taill%C3%A9e-ao%C3%BBt%202024.pdf?csf=1&amp;web=1&amp;e=ijzeO5\" target=\"_blank\" rel=\"noopener\">Pr\u00e9sentation synth\u00e8se du service S.AP.E<\/a> (explications d\u00e9taill\u00e9es)<\/td>\n<\/tr>\n<tr>\n<td><\/td>\n<td><img loading=\"lazy\" decoding=\"async\" class=\"alignnone wp-image-15795\" src=\"https:\/\/educharlevoix.ca\/cse\/wp-content\/uploads\/2023\/09\/parent_icon_205848.png\" alt=\"\" width=\"47\" height=\"47\" \/><\/td>\n<td><a href=\"https:\/\/cscharlevoix.sharepoint.com\/:b:\/r\/sites\/serviceseducatifs\/Documents%20partages\/Insertion%20professionnelle\/S.A.P.E.%20Service%20accompagnement%20professionnel%20en%20enseignement\/Doc.%20r%C3%A9serv%C3%A9s%20aux%20directions%20d%27%C3%A9cole\/Guide%20et%20d%C3%A9marches%20administratives%20du%20service-nov%2023.pdf?csf=1&amp;web=1&amp;e=ECuIqz\" target=\"_blank\" rel=\"noopener\">Documents administratifs S.A.P.E.<\/a><\/td>\n<\/tr>\n<tr>\n<td><\/td>\n<td><img loading=\"lazy\" decoding=\"async\" class=\"alignnone wp-image-14127\" src=\"https:\/\/educharlevoix.ca\/cse\/wp-content\/uploads\/2021\/12\/noun-friend-2206465-300x300.png\" alt=\"\" width=\"55\" height=\"55\" srcset=\"https:\/\/educharlevoix.ca\/cse\/wp-content\/uploads\/2021\/12\/noun-friend-2206465-300x300.png 300w, https:\/\/educharlevoix.ca\/cse\/wp-content\/uploads\/2021\/12\/noun-friend-2206465-150x150.png 150w, https:\/\/educharlevoix.ca\/cse\/wp-content\/uploads\/2021\/12\/noun-friend-2206465.png 700w\" sizes=\"auto, (max-width: 55px) 100vw, 55px\" \/><\/td>\n<td>Tous les documents de promotion: <a href=\"https:\/\/cscharlevoix.sharepoint.com\/:f:\/r\/sites\/serviceseducatifs\/Documents%20partages\/Insertion%20professionnelle\/S.A.P.E.%20Service%20accompagnement%20professionnel%20en%20enseignement\/1-%20Documents%20de%20promotion?csf=1&amp;web=1&amp;e=xMVsw2\" target=\"_blank\" rel=\"noopener\">ICI<\/a><\/p>\n<p><a href=\"https:\/\/cscharlevoix.sharepoint.com\/:b:\/r\/sites\/serviceseducatifs\/Documents%20partages\/Insertion%20professionnelle\/S.A.P.E.%20Service%20accompagnement%20professionnel%20en%20enseignement\/1-%20Documents%20de%20promotion\/3-%20S.A.P.E.%20-onepager-en%20r%C3%A9sum%C3%A9.pdf?csf=1&amp;web=1&amp;e=fBoTHY\" target=\"_blank\" rel=\"noopener\">Pr\u00e9sentation 1 page- S.A.P.E<\/a> (en r\u00e9sum\u00e9)<\/td>\n<\/tr>\n<tr>\n<td><\/td>\n<td><img loading=\"lazy\" decoding=\"async\" class=\"alignnone wp-image-13743\" src=\"https:\/\/educharlevoix.ca\/cse\/wp-content\/uploads\/2021\/06\/iconfinder-contat-us-31write-4211859_115070-300x300.png\" alt=\"\" width=\"53\" height=\"53\" srcset=\"https:\/\/educharlevoix.ca\/cse\/wp-content\/uploads\/2021\/06\/iconfinder-contat-us-31write-4211859_115070-300x300.png 300w, https:\/\/educharlevoix.ca\/cse\/wp-content\/uploads\/2021\/06\/iconfinder-contat-us-31write-4211859_115070-150x150.png 150w, https:\/\/educharlevoix.ca\/cse\/wp-content\/uploads\/2021\/06\/iconfinder-contat-us-31write-4211859_115070.png 512w\" sizes=\"auto, (max-width: 53px) 100vw, 53px\" \/><\/td>\n<td><a href=\"https:\/\/cscharlevoix.sharepoint.com\/:f:\/r\/sites\/serviceseducatifs\/Documents%20partages\/Insertion%20professionnelle\/S.A.P.E.%20Service%20accompagnement%20professionnel%20en%20enseignement\/Doc.%20r%C3%A9serv%C3%A9s%20aux%20directions%20d%27%C3%A9cole?csf=1&amp;web=1&amp;e=0ZXAZc\" target=\"_blank\" rel=\"noopener\">Formulaire de d\u00e9claration des initiatives-\u00e9coles<\/a> (r\u00e9serv\u00e9 aux directions)<\/td>\n<\/tr>\n<tr>\n<td><\/td>\n<td><img loading=\"lazy\" decoding=\"async\" class=\"alignnone wp-image-15811\" src=\"https:\/\/educharlevoix.ca\/cse\/wp-content\/uploads\/2023\/09\/seo-social-web-network-internet_232_icon-icons.com_61542.png\" alt=\"\" width=\"43\" height=\"36\" \/><\/td>\n<td><a href=\"https:\/\/cscharlevoix.sharepoint.com\/:b:\/r\/sites\/serviceseducatifs\/Documents%20partages\/Insertion%20professionnelle\/S.A.P.E.%20Service%20accompagnement%20professionnel%20en%20enseignement\/Doc.%20r%C3%A9serv%C3%A9s%20aux%20directions%20d%27%C3%A9cole\/SAP-organigramme%20et%20postes%20budget.%2024-25.pdf?csf=1&amp;web=1&amp;e=rNx8g1\" target=\"_blank\" rel=\"noopener\">Visuel des postes budg\u00e9taires allou\u00e9s au service<\/a> (r\u00e9serv\u00e9 aux directions)<\/td>\n<\/tr>\n<\/tbody>\n<\/table>\n","protected":false},"excerpt":{"rendered":"<p>&nbsp; S.A.P.E. \u00a0Service d&rsquo;accompagnement professionnel en enseignement Pr\u00e9sentation synth\u00e8se du service S.AP.E (explications d\u00e9taill\u00e9es) Documents administratifs S.A.P.E. Tous les documents de promotion: ICI Pr\u00e9sentation 1 page- S.A.P.E (en r\u00e9sum\u00e9) Formulaire de d\u00e9claration des initiatives-\u00e9coles (r\u00e9serv\u00e9 aux directions) Visuel des postes &hellip; <\/p>\n","protected":false},"author":1,"featured_media":0,"parent":0,"menu_order":0,"comment_status":"closed","ping_status":"closed","template":"","meta":{"cybocfi_hide_featured_image":"","footnotes":""},"categories":[],"tags":[],"class_list":["post-15492","page","type-page","status-publish","hentry"],"_links":{"self":[{"href":"https:\/\/educharlevoix.ca\/cse\/wp-json\/wp\/v2\/pages\/15492","targetHints":{"allow":["GET"]}}],"collection":[{"href":"https:\/\/educharlevoix.ca\/cse\/wp-json\/wp\/v2\/pages"}],"about":[{"href":"https:\/\/educharlevoix.ca\/cse\/wp-json\/wp\/v2\/types\/page"}],"author":[{"embeddable":true,"href":"https:\/\/educharlevoix.ca\/cse\/wp-json\/wp\/v2\/users\/1"}],"replies":[{"embeddable":true,"href":"https:\/\/educharlevoix.ca\/cse\/wp-json\/wp\/v2\/comments?post=15492"}],"version-history":[{"count":22,"href":"https:\/\/educharlevoix.ca\/cse\/wp-json\/wp\/v2\/pages\/15492\/revisions"}],"predecessor-version":[{"id":16347,"href":"https:\/\/educharlevoix.ca\/cse\/wp-json\/wp\/v2\/pages\/15492\/revisions\/16347"}],"wp:attachment":[{"href":"https:\/\/educharlevoix.ca\/cse\/wp-json\/wp\/v2\/media?parent=15492"}],"wp:term":[{"taxonomy":"category","embeddable":true,"href":"https:\/\/educharlevoix.ca\/cse\/wp-json\/wp\/v2\/categories?post=15492"},{"taxonomy":"post_tag","embeddable":true,"href":"https:\/\/educharlevoix.ca\/cse\/wp-json\/wp\/v2\/tags?post=15492"}],"curies":[{"name":"wp","href":"https:\/\/api.w.org\/{rel}","templated":true}]}}