{"id":15621,"date":"2023-05-26T11:05:39","date_gmt":"2023-05-26T15:05:39","guid":{"rendered":"https:\/\/educharlevoix.ca\/cse\/?page_id=15621"},"modified":"2025-07-03T10:21:48","modified_gmt":"2025-07-03T14:21:48","slug":"correction-ecriture-primaire","status":"publish","type":"page","link":"https:\/\/educharlevoix.ca\/cse\/correction-ecriture-primaire\/","title":{"rendered":"Correction \u00e9criture primaire"},"content":{"rendered":"<div class=\"wpb-content-wrapper\"><p>[vc_row][vc_column][vc_column_text css=\u00a0\u00bb\u00a0\u00bb]<strong>Pr\u00e9cisions sur la grille d&rsquo;\u00e9valuation<\/strong><br \/>\nCes documents du Minist\u00e8re de l&rsquo;\u00c9ducation du Qu\u00e9bec donnent des pr\u00e9cisions sur chacun des crit\u00e8res de la grille d&rsquo;\u00e9valuation en \u00e9criture utilis\u00e9e pour l&rsquo;\u00e9preuve obligatoire de fran\u00e7ais.<\/p>\n<p><a href=\"https:\/\/www.education.gouv.qc.ca\/fileadmin\/site_web\/documents\/dpse\/formation_jeunes\/Precisions-Grille-Evaluation-FLE-Fin-2e-Cycle-Primaire.pdf\" target=\"_blank\" rel=\"noopener\"><img loading=\"lazy\" decoding=\"async\" class=\"alignnone wp-image-14934\" src=\"https:\/\/educharlevoix.ca\/cse\/wp-content\/uploads\/2022\/08\/precisions-2ec-e1660847298362.jpg\" alt=\"\" width=\"111\" height=\"145\" \/><\/a>\u00a0 \u00a0 \u00a0 \u00a0 \u00a0 \u00a0 \u00a0 \u00a0 \u00a0 \u00a0 \u00a0 \u00a0 \u00a0 \u00a0 \u00a0 \u00a0 \u00a0 \u00a0 \u00a0 \u00a0 \u00a0 \u00a0 \u00a0 \u00a0 \u00a0 \u00a0<a href=\"https:\/\/www.education.gouv.qc.ca\/fileadmin\/site_web\/documents\/dpse\/formation_jeunes\/Precisions-Grille-Evaluation-FLE-Fin-3e-Cycle-Primaire.pdf\" target=\"_blank\" rel=\"noopener\"><img loading=\"lazy\" decoding=\"async\" class=\"alignnone wp-image-14934\" src=\"https:\/\/educharlevoix.ca\/cse\/wp-content\/uploads\/2022\/08\/precisions-2ec-e1660847298362.jpg\" alt=\"\" width=\"107\" height=\"140\" \/><\/a><br \/>\n2e cycle\u00a0 \u00a0 \u00a0 \u00a0 \u00a0 \u00a0 \u00a0 \u00a0 \u00a0 \u00a0 \u00a0 \u00a0 \u00a0 \u00a0 \u00a0 \u00a0 \u00a0 \u00a0 \u00a0 \u00a0 \u00a0 \u00a0 \u00a0 \u00a0 \u00a0 \u00a0 \u00a0 \u00a0 \u00a0 \u00a0 \u00a0 \u00a0 \u00a0 \u00a03e cycle<\/p>\n<p>&nbsp;<\/p>\n<p><strong>R\u00e9f\u00e9rentiel de correction<\/strong><br \/>\nCes tableaux r\u00e9sument les \u00e9l\u00e9ments \u00e0 p\u00e9naliser ou non selon chacun des niveaux.<\/p>\n<p><a href=\"https:\/\/cscharlevoix.sharepoint.com\/:f:\/s\/serviceseducatifs\/Ek17rkExsgJGkEVjj6Rwz5QBcsaweV2T3DL7Frhn5hlEcA?e=NGoSbn\" target=\"_blank\" rel=\"noopener\"><img loading=\"lazy\" decoding=\"async\" class=\"alignnone wp-image-15622\" src=\"https:\/\/educharlevoix.ca\/cse\/wp-content\/uploads\/2023\/05\/Referentiel5.jpg\" alt=\"\" width=\"171\" height=\"103\" srcset=\"https:\/\/educharlevoix.ca\/cse\/wp-content\/uploads\/2023\/05\/Referentiel5.jpg 973w, https:\/\/educharlevoix.ca\/cse\/wp-content\/uploads\/2023\/05\/Referentiel5-300x181.jpg 300w, https:\/\/educharlevoix.ca\/cse\/wp-content\/uploads\/2023\/05\/Referentiel5-768x463.jpg 768w\" sizes=\"auto, (max-width: 171px) 100vw, 171px\" \/><\/a><\/p>\n<p>&nbsp;<\/p>\n<p><a href=\"https:\/\/cscharlevoix.sharepoint.com\/:f:\/r\/sites\/serviceseducatifs\/Documents%20partages\/Primaire\/Fran%C3%A7ais%20primaire\/2-%C3%89criture\/Grilles?csf=1&amp;web=1&amp;e=tedbex\" target=\"_blank\" rel=\"noopener\"><strong>Grilles de correction<\/strong><\/a><\/p>\n<p><strong><a href=\"https:\/\/usito.usherbrooke.ca\/\" target=\"_blank\" rel=\"noopener\">Dictionnaire &#8211; Usito\u00a0<\/a><\/strong><\/p>\n<p><strong>Lexique orthographique de la 1re \u00e0 la 4e ann\u00e9e (liste orthographique)<\/strong><\/p>\n<p><a href=\"https:\/\/cscharlevoix.sharepoint.com\/:f:\/s\/serviceseducatifs\/Epyfi4eraFZHkHnMsk_lFy0BCN2s2Y05B-l_mtyNBUnP5g?e=CIkfJX\" target=\"_blank\" rel=\"noopener\"><strong><img loading=\"lazy\" decoding=\"async\" class=\"alignnone wp-image-15625\" src=\"https:\/\/educharlevoix.ca\/cse\/wp-content\/uploads\/2023\/05\/lexique.jpg\" alt=\"\" width=\"93\" height=\"111\" srcset=\"https:\/\/educharlevoix.ca\/cse\/wp-content\/uploads\/2023\/05\/lexique.jpg 566w, https:\/\/educharlevoix.ca\/cse\/wp-content\/uploads\/2023\/05\/lexique-250x300.jpg 250w\" sizes=\"auto, (max-width: 93px) 100vw, 93px\" \/><\/strong><\/a><\/p>\n<p><strong>Outil de recherche Franqus (liste orthographique du M\u00c9Q)<\/strong><\/p>\n<p><a href=\"https:\/\/franqus.ca\/liste_orthographique\/outil_de_recherche\/\" target=\"_blank\" rel=\"noopener\"><img loading=\"lazy\" decoding=\"async\" class=\"alignnone wp-image-15624\" src=\"https:\/\/educharlevoix.ca\/cse\/wp-content\/uploads\/2023\/05\/Franqus-1.jpg\" alt=\"\" width=\"213\" height=\"77\" srcset=\"https:\/\/educharlevoix.ca\/cse\/wp-content\/uploads\/2023\/05\/Franqus-1.jpg 1018w, https:\/\/educharlevoix.ca\/cse\/wp-content\/uploads\/2023\/05\/Franqus-1-300x108.jpg 300w, https:\/\/educharlevoix.ca\/cse\/wp-content\/uploads\/2023\/05\/Franqus-1-768x278.jpg 768w\" sizes=\"auto, (max-width: 213px) 100vw, 213px\" \/><\/a>[\/vc_column_text][\/vc_column][\/vc_row]<\/p>\n<\/div>","protected":false},"excerpt":{"rendered":"<p>[vc_row][vc_column][vc_column_text css=\u00a0\u00bb\u00a0\u00bb]Pr\u00e9cisions sur la grille d&rsquo;\u00e9valuation Ces documents du Minist\u00e8re de l&rsquo;\u00c9ducation du Qu\u00e9bec donnent des pr\u00e9cisions sur chacun des crit\u00e8res de la grille d&rsquo;\u00e9valuation en \u00e9criture utilis\u00e9e pour l&rsquo;\u00e9preuve obligatoire de fran\u00e7ais. \u00a0 \u00a0 \u00a0 \u00a0 \u00a0 \u00a0 \u00a0 &hellip; <\/p>\n","protected":false},"author":5,"featured_media":0,"parent":0,"menu_order":0,"comment_status":"closed","ping_status":"closed","template":"","meta":{"cybocfi_hide_featured_image":"","footnotes":""},"categories":[],"tags":[],"class_list":["post-15621","page","type-page","status-publish","hentry"],"_links":{"self":[{"href":"https:\/\/educharlevoix.ca\/cse\/wp-json\/wp\/v2\/pages\/15621","targetHints":{"allow":["GET"]}}],"collection":[{"href":"https:\/\/educharlevoix.ca\/cse\/wp-json\/wp\/v2\/pages"}],"about":[{"href":"https:\/\/educharlevoix.ca\/cse\/wp-json\/wp\/v2\/types\/page"}],"author":[{"embeddable":true,"href":"https:\/\/educharlevoix.ca\/cse\/wp-json\/wp\/v2\/users\/5"}],"replies":[{"embeddable":true,"href":"https:\/\/educharlevoix.ca\/cse\/wp-json\/wp\/v2\/comments?post=15621"}],"version-history":[{"count":4,"href":"https:\/\/educharlevoix.ca\/cse\/wp-json\/wp\/v2\/pages\/15621\/revisions"}],"predecessor-version":[{"id":16486,"href":"https:\/\/educharlevoix.ca\/cse\/wp-json\/wp\/v2\/pages\/15621\/revisions\/16486"}],"wp:attachment":[{"href":"https:\/\/educharlevoix.ca\/cse\/wp-json\/wp\/v2\/media?parent=15621"}],"wp:term":[{"taxonomy":"category","embeddable":true,"href":"https:\/\/educharlevoix.ca\/cse\/wp-json\/wp\/v2\/categories?post=15621"},{"taxonomy":"post_tag","embeddable":true,"href":"https:\/\/educharlevoix.ca\/cse\/wp-json\/wp\/v2\/tags?post=15621"}],"curies":[{"name":"wp","href":"https:\/\/api.w.org\/{rel}","templated":true}]}}